{"id":583,"date":"2022-10-02T10:28:08","date_gmt":"2022-10-02T08:28:08","guid":{"rendered":"http:\/\/honesty.cz\/?page_id=583"},"modified":"2026-02-09T10:34:01","modified_gmt":"2026-02-09T09:34:01","slug":"pripravujeme-pro-vas","status":"publish","type":"page","link":"https:\/\/www.obrisudlibverda.cz\/","title":{"rendered":"Restaurace otev\u0159ena"},"content":{"rendered":"\n<p>D\u0159\u00edve, ne\u017e se n\u00e1m poda\u0159\u00ed prov\u00e9st kompletn\u00ed rekonstrukci tohoto unik\u00e1tn\u00edho objektu stoj\u00edc\u00edm nad m\u011bste\u010dkem L\u00e1zn\u011b Libverda, provedli jsme drobn\u00e9 \u00fapravy vedouc\u00ed ke znovu otev\u0159en\u00ed v\u00fdletn\u00ed restaurace ve vnit\u0159n\u00edch prostorech samotn\u00e9ho sudu. <\/p>\n\n\n\n<p><\/p>\n\n\n\n<figure class=\"wp-block-image size-large\"><img loading=\"lazy\" width=\"1024\" height=\"648\" src=\"http:\/\/www.obrisudlibverda.cz\/wp-content\/uploads\/2022\/11\/Ogky7CoQ-1-1024x648.jpeg\" alt=\"\" class=\"wp-image-834\" srcset=\"https:\/\/www.obrisudlibverda.cz\/wp-content\/uploads\/2022\/11\/Ogky7CoQ-1-1024x648.jpeg 1024w, https:\/\/www.obrisudlibverda.cz\/wp-content\/uploads\/2022\/11\/Ogky7CoQ-1-300x190.jpeg 300w, https:\/\/www.obrisudlibverda.cz\/wp-content\/uploads\/2022\/11\/Ogky7CoQ-1-768x486.jpeg 768w, https:\/\/www.obrisudlibverda.cz\/wp-content\/uploads\/2022\/11\/Ogky7CoQ-1-1536x971.jpeg 1536w, https:\/\/www.obrisudlibverda.cz\/wp-content\/uploads\/2022\/11\/Ogky7CoQ-1-2048x1295.jpeg 2048w\" sizes=\"(max-width: 767px) 89vw, (max-width: 1000px) 54vw, (max-width: 1071px) 543px, 580px\" \/><\/figure>\n","protected":false},"excerpt":{"rendered":"<p>D\u0159\u00edve, ne\u017e se n\u00e1m poda\u0159\u00ed prov\u00e9st kompletn\u00ed rekonstrukci tohoto unik\u00e1tn\u00edho objektu stoj\u00edc\u00edm nad m\u011bste\u010dkem L\u00e1zn\u011b Libverda, provedli jsme drobn\u00e9 \u00fapravy vedouc\u00ed ke znovu otev\u0159en\u00ed v\u00fdletn\u00ed restaurace ve vnit\u0159n\u00edch prostorech samotn\u00e9ho sudu.<\/p>\n","protected":false},"author":1,"featured_media":0,"parent":0,"menu_order":0,"comment_status":"closed","ping_status":"closed","template":"","meta":[],"_links":{"self":[{"href":"https:\/\/www.obrisudlibverda.cz\/index.php\/wp-json\/wp\/v2\/pages\/583"}],"collection":[{"href":"https:\/\/www.obrisudlibverda.cz\/index.php\/wp-json\/wp\/v2\/pages"}],"about":[{"href":"https:\/\/www.obrisudlibverda.cz\/index.php\/wp-json\/wp\/v2\/types\/page"}],"author":[{"embeddable":true,"href":"https:\/\/www.obrisudlibverda.cz\/index.php\/wp-json\/wp\/v2\/users\/1"}],"replies":[{"embeddable":true,"href":"https:\/\/www.obrisudlibverda.cz\/index.php\/wp-json\/wp\/v2\/comments?post=583"}],"version-history":[{"count":22,"href":"https:\/\/www.obrisudlibverda.cz\/index.php\/wp-json\/wp\/v2\/pages\/583\/revisions"}],"predecessor-version":[{"id":914,"href":"https:\/\/www.obrisudlibverda.cz\/index.php\/wp-json\/wp\/v2\/pages\/583\/revisions\/914"}],"wp:attachment":[{"href":"https:\/\/www.obrisudlibverda.cz\/index.php\/wp-json\/wp\/v2\/media?parent=583"}],"curies":[{"name":"wp","href":"https:\/\/api.w.org\/{rel}","templated":true}]}}