{"id":806,"date":"2022-11-21T15:37:03","date_gmt":"2022-11-21T14:37:03","guid":{"rendered":"http:\/\/honesty.cz\/?page_id=806"},"modified":"2025-06-03T17:14:55","modified_gmt":"2025-06-03T15:14:55","slug":"ubytovani","status":"publish","type":"page","link":"https:\/\/www.obrisudlibverda.cz\/index.php\/ubytovani\/","title":{"rendered":"Ubytov\u00e1n\u00ed"},"content":{"rendered":"\n<p>Rezervace +420 777 934 012, D.volvo@seznam.cz\u00a0<\/p>\n\n\n\n<p>\u010cty\u0159l\u016f\u017ekov\u00fd pokoj s mo\u017enost\u00ed p\u0159ist\u00fdlky, vlastn\u00ed soci\u00e1ln\u00ed za\u0159\u00edzen\u00ed<\/p>\n\n\n\n<p>Rodinn\u00fd apartm\u00e1n se dv\u011bma lo\u017enicemi a \u0161esti l\u016f\u017eky, vlastn\u00ed soci\u00e1ln\u00ed za\u0159\u00edzen\u00ed<\/p>\n\n\n\n<p><\/p>\n\n\n\n<p>Celkov\u00e1 kapacita 10 l\u016f\u017eek .<\/p>\n\n\n\n<p><\/p>\n\n\n\n<figure class=\"wp-block-image size-large\"><img loading=\"lazy\" width=\"1024\" height=\"516\" src=\"https:\/\/www.obrisudlibverda.cz\/wp-content\/uploads\/2023\/07\/IMG_3307-1024x516.jpeg\" alt=\"\" class=\"wp-image-882\" srcset=\"https:\/\/www.obrisudlibverda.cz\/wp-content\/uploads\/2023\/07\/IMG_3307-1024x516.jpeg 1024w, https:\/\/www.obrisudlibverda.cz\/wp-content\/uploads\/2023\/07\/IMG_3307-300x151.jpeg 300w, https:\/\/www.obrisudlibverda.cz\/wp-content\/uploads\/2023\/07\/IMG_3307-768x387.jpeg 768w, https:\/\/www.obrisudlibverda.cz\/wp-content\/uploads\/2023\/07\/IMG_3307-1536x774.jpeg 1536w, https:\/\/www.obrisudlibverda.cz\/wp-content\/uploads\/2023\/07\/IMG_3307-2048x1032.jpeg 2048w\" sizes=\"(max-width: 767px) 89vw, (max-width: 1000px) 54vw, (max-width: 1071px) 543px, 580px\" \/><\/figure>\n\n\n\n<figure class=\"wp-block-gallery has-nested-images columns-default is-cropped\">\n<figure class=\"wp-block-image size-large\"><img loading=\"lazy\" width=\"1024\" height=\"646\" data-id=\"888\"  src=\"https:\/\/www.obrisudlibverda.cz\/wp-content\/uploads\/2023\/11\/IMG_3320-1024x646.jpeg\" alt=\"\" class=\"wp-image-888\" srcset=\"https:\/\/www.obrisudlibverda.cz\/wp-content\/uploads\/2023\/11\/IMG_3320-1024x646.jpeg 1024w, https:\/\/www.obrisudlibverda.cz\/wp-content\/uploads\/2023\/11\/IMG_3320-300x189.jpeg 300w, https:\/\/www.obrisudlibverda.cz\/wp-content\/uploads\/2023\/11\/IMG_3320-768x484.jpeg 768w, https:\/\/www.obrisudlibverda.cz\/wp-content\/uploads\/2023\/11\/IMG_3320-1536x968.jpeg 1536w, https:\/\/www.obrisudlibverda.cz\/wp-content\/uploads\/2023\/11\/IMG_3320-2048x1291.jpeg 2048w\" sizes=\"(max-width: 767px) 89vw, (max-width: 1000px) 54vw, (max-width: 1071px) 543px, 580px\" \/><\/figure>\n<\/figure>\n\n\n\n<figure class=\"wp-block-gallery has-nested-images columns-default is-cropped\"><\/figure>\n","protected":false},"excerpt":{"rendered":"<p>Rezervace +420 777 934 012, D.volvo@seznam.cz\u00a0 \u010cty\u0159l\u016f\u017ekov\u00fd pokoj s mo\u017enost\u00ed p\u0159ist\u00fdlky, vlastn\u00ed soci\u00e1ln\u00ed za\u0159\u00edzen\u00ed Rodinn\u00fd apartm\u00e1n se dv\u011bma lo\u017enicemi a \u0161esti l\u016f\u017eky, vlastn\u00ed soci\u00e1ln\u00ed za\u0159\u00edzen\u00ed Celkov\u00e1 kapacita 10 l\u016f\u017eek .<\/p>\n","protected":false},"author":1,"featured_media":0,"parent":0,"menu_order":0,"comment_status":"closed","ping_status":"closed","template":"","meta":[],"_links":{"self":[{"href":"https:\/\/www.obrisudlibverda.cz\/index.php\/wp-json\/wp\/v2\/pages\/806"}],"collection":[{"href":"https:\/\/www.obrisudlibverda.cz\/index.php\/wp-json\/wp\/v2\/pages"}],"about":[{"href":"https:\/\/www.obrisudlibverda.cz\/index.php\/wp-json\/wp\/v2\/types\/page"}],"author":[{"embeddable":true,"href":"https:\/\/www.obrisudlibverda.cz\/index.php\/wp-json\/wp\/v2\/users\/1"}],"replies":[{"embeddable":true,"href":"https:\/\/www.obrisudlibverda.cz\/index.php\/wp-json\/wp\/v2\/comments?post=806"}],"version-history":[{"count":7,"href":"https:\/\/www.obrisudlibverda.cz\/index.php\/wp-json\/wp\/v2\/pages\/806\/revisions"}],"predecessor-version":[{"id":904,"href":"https:\/\/www.obrisudlibverda.cz\/index.php\/wp-json\/wp\/v2\/pages\/806\/revisions\/904"}],"wp:attachment":[{"href":"https:\/\/www.obrisudlibverda.cz\/index.php\/wp-json\/wp\/v2\/media?parent=806"}],"curies":[{"name":"wp","href":"https:\/\/api.w.org\/{rel}","templated":true}]}}